is -2011102 - 1101002?
-10112111
In base 2, what is -10011100011011 + -10010?
-10011100101101
In base 11, what is -2 + 8389?
8387
In base 6, what is -2544 - -325?
-2215
In base 9, what is -2 - -288148?
288146
In base 16, what is -287b4 + 0?
-287b4
In base 14, what is -38 - 27838?
-27872
In base 14, what is -2 - a684?
-a686
In base 2, what is 0 - 1000010101011011?
-1000010101011011
In base 3, what is -12010202001 - -11?
-12010201220
In base 3, what is 2 + -100022021001?
-100022020222
In base 9, what is -562 + -3234?
-3806
In base 9, what is -38182 - 8?
-38201
In base 13, what is -19 + -335?
-351
In base 9, what is -53 - 2348?
-2412
In base 9, what is 400087 - -4?
400102
In base 9, what is 53636 - 22?
53614
In base 4, what is -1131312 + -123?
-1132101
In base 11, what is 17 - -65345?
65361
In base 11, what is -a3520 + 0?
-a3520
In base 4, what is 13003201303 - -3?
13003201312
In base 5, what is -2012142 - 1?
-2012143
In base 14, what is -72b + 31?
-6da
In base 10, what is -459 - -63?
-396
In base 13, what is 212632 + -3?
21262c
In base 9, what is -7011 - 151?
-7162
In base 5, what is 4014013 - -4?
4014022
In base 13, what is 169 - 10?
159
In base 13, what is 3231 + -8?
3226
In base 7, what is 10641465 + 1?
10641466
In base 9, what is -84271 + -50?
-84331
In base 4, what is -110032 - 20011?
-130103
In base 4, what is 20033 - -3000?
23033
In base 13, what is b938 + 5?
b940
In base 15, what is 2886 + -4e?
2837
In base 13, what is -6 - -1a4cb?
1a4c5
In base 2, what is 11 + -10110100001000111100?
-10110100001000111001
In base 10, what is 12 + 196314?
196326
In base 4, what is -331013 + -21?
-331100
In base 7, what is 146653 + 3?
146656
In base 8, what is -35170657 + 2?
-35170655
In base 15, what is -2 - e3?
-e5
In base 10, what is -9352 - 5?
-9357
In base 13, what is -511 + -51?
-562
In base 3, what is 2 - -1210000201?
1210000210
In base 12, what is 1 + -26791?
-26790
In base 9, what is -1430771 + -4?
-1430775
In base 16, what is 2612a - 2?
26128
In base 7, what is -233245 - -25?
-233220
In base 4, what is -11 - 210222?
-210233
In base 15, what is 31b - -14?
330
In base 16, what is 79d + 8?
7a5
In base 5, what is -112 + 43441?
43324
In base 7, what is -151412 + -13?
-151425
In base 6, what is 145 - -100045?
100234
In base 4, what is 0 + -2202012?
-2202012
In base 4, what is -1332 - 2002?
-10000
In base 8, what is -21 - -1617?
1576
In base 14, what is 3 - 681?
-67c
In base 4, what is 11 + 132113213?
132113230
In base 12, what is -2a2 - -492?
1b0
In base 14, what is -110 - 65?
-175
In base 12, what is -449 + -1a3?
-630
In base 8, what is -13525 + 1?
-13524
In base 5, what is 332404 - 1?
332403
In base 6, what is 35 - 1523340?
-1523301
In base 5, what is 4 - 11411243?
-11411234
In base 10, what is -13249 + -84?
-13333
In base 9, what is -11 - -23242?
23231
In base 3, what is -10011 + 122222211?
122212200
In base 3, what is -1 + 201122011?
201122010
In base 7, what is 1155665 - -14?
1156012
In base 5, what is 24043434 - 10?
24043424
In base 11, what is 4 + 1316a?
13173
In base 7, what is 1452 + -4?
1445
In base 2, what is 101100100011000000 - -1010?
101100100011001010
In base 14, what is 7 - -22969?
22972
In base 2, what is 11000 + 10100010111?
10100101111
In base 14, what is -1c860 - -23?
-1c83b
In base 10, what is -515 - -1552?
1037
In base 12, what is -12 + b23?
b11
In base 4, what is 1223 - -10303?
12132
In base 12, what is -5 + -4250a?
-42513
In base 9, what is -4761 - -7?
-4753
In base 5, what is -43400 - 104?
-44004
In base 16, what is 176 - 20?
156
In base 3, what is -22 + 10220201221?
10220201122
In base 10, what is 619 + 50?
669
In base 10, what is -298424 - 0?
-298424
In base 13, what is -3 - 43937?
-4393a
In base 14, what is 831 - 38?
7d7
In base 16, what is -2 + -5d80a?
-5d80c
In base 7, what is -44 - 1112312?
-1112356
In base 12, what is -7 + 1028a?
10283
In base 12, what is -2428 - -3?
-2425
In base 15, what is bd - -cb6?
d84
In base 6, what is 2 - -4200310?
4200312
In base 7, what is -35 - -100350?
100312
In base 3, what is -10222 - -12?
-10210
In base 4, what is 132 + 3002001?
3002133
In base 7, what is 1 - 1235064?
-1235063
In base 5, what is -430142 + 210?
-424432
In base 14, what is 5722 - a?
5716
In base 11, what is -1360 + 7?
-1354
In base 4, what is 11213301323 - -11?
11213302000
In base 6, what is 30 + 1254253?
1254323
In base 8, what is -5 - 144465?
-144472
In base 5, what is -1 + -424421?
-424422
In base 13, what is -6 - -21535?
2152c
In base 2, what is 1111110 - 1001001?
110101
In base 16, what is -aaf9 - -7?
-aaf2
In base 3, what is 2020000121 - 22?
2020000022
In base 8, what is 2062 + 2313?
4375
In base 14, what is -1 + -2bd76?
-2bd77
In base 8, what is 1415 + 353?
1770
In base 8, what is 3 - -420172?
420175
In base 12, what is -4 + b47?
b43
In base 9, what is -1 - 7861?
-7862
In base 16, what is 35 + -113d3?
-1139e
In base 4, what is 113200 - -1100?
120300
In base 10, what is -4 + 296?
292
In base 15, what is -6d - 1387?
-1405
In base 15, what is b6a + -3b?
b2e
In base 11, what is 2263 + 10?
2273
In base 9, what is 3 - 4558?
-4555
In base 3, what is -120212100 + -12?
-120212112
In base 12, what is 12405 - -2?
12407
In base 12, what is -145264 - 2?
-145266
In base 2, what is 1011011011 - -10001110100?
11101001111
In base 10, what is -8 - -209407?
209399
In base 12, what is 4a113 - 1?
4a112
In base 4, what is 0 - -311122122?
311122122
In base 9, what is 46544 - 5?
46538
In base 14, what is -5 + -a67?
-a6c
In base 5, what is -1 + 104402421?
104402420
In base 14, what is -5480b - -2d?
-547bc
In base 7, what is 10 - -1111540?
1111550
In base 13, what is 2 - 2460a?
-24608
In base 7, what is 2 + 151043?
151045
In base 5, what is -241400 + 0?
-241400
In base 2, what is -10010000100 - -1000001?
-10001000011
In base 11, what is 10710 - 6a?
10651
In base 3, what is 1 + -10100021211?
-10100021210
In base 12, what is bab + -499?
712
In base 12, what is -145 - 2a5?
-42a
In base 10, what is 10 + 35113?
35123
In base 8, what is 101 - 670?
-567
In base 6, what is -222111 - 112?
-222223
In base 9, what is -367030 - -2?
-367027
In base 12, what is 5 - -7b00?
7b05
In base 15, what is 5481 - b?
5475
In base 2, what is 100101110010 - 1?
100101110001
In base 16, what is 5 - 2ace?
-2ac9
In base 14, what is ba5 - 7?
b9c
In base 12, what is b3 + -132?
-3b
In base 10, what is -19180 - 19?
-19199
In base 13, what is 3b + 206?
244
In base 9, what is -115264 + -1?
-115265
In base 15, what is -1 - -1813?
1812
In base 10, what is 4533 - -8?
4541
In base 16, what is -4687 + -4d?
-46d4
In base 14, what is -10001 + -1?
-10002
In base 15, what is 16ea + -40?
16aa
In base 10, what is -8 + 201595?
201587
In base 6, what is 4 + 12320?
12324
In base 7, what is 3326662 + 0?
3326662
In base 6, what is -131 - -422?
251
In base 8, what is 1 + -623476?
-623475
In base 10, what is 30400 + 142?
30542
In base 5, what is 1234 + -243?
441
In base 5, what is -102 - 43020?
-43122
In base 2, what is -11010111001 + -100111?
-11011100000
In base 5, what is -440 + 141120?
140130
In base 7, what is -12 - -25250?
25235
In base 7, what is 51333 + 6?
51342
In base 3, what is 1222122221 - 1112?
1222121102
In base 5, what is 1014 - 3322?
-2303
In base 9, what is -1667 - 16?
-1684
In base 7, what is -16501 + -12?
-16513
In base 4, what is -11 + 21010103?
21010032
In base 12, what is 39 + -122?
-a5
In base 12, what is 5 - -103a?
1043
In base 9, what is -5 - 20566?
-20572
In base 16, what is 1 - 1519?
-1518
In base 11, what is -1a898 - -3?
-1a895
In base 14, what is -310 + 21?
-2cd
In base 4, what is 1013 - -100012?
101031
In base 16, what is 34e6 + 9?
34ef
In base 13, what is 3a905 - 2?
3a903
In base 8, what is 540312 - 0?
540312
In base 14, what is -10d9 + 7?
-10d2
In base 12, what is -1b246 - -3?
-1b243
In base 11, what is 2730 - -288?
2a08
In base 3, what is 1010212 - -22222?
1110211
In base 5, what is 32 + -2012411?
-2012324
In base 5, what is -3 - 1300421?
-1300424
In base 14, what is 12474 - 5?
1246d
In base 5, what is -33 + 1402344?
1402311
In base 16, what is 2cf78 + -2?
2cf76
In base 6, what is -112114 - 0?
-112114
In base 3, what is 22 - 2022012?
-2021220
In base 14, what is -2aca + -4?
-2ad0
In base 4, what is -300313321 + 2?
-300313313
In base 11, what is 117 + 606?
722
